*p + 12 = r. What are the prime factors of m(i)?
2, 3
Suppose -7*p - 770 = -9*p - 5*y, 2*p - y - 758 = 0. What are the prime factors of p?
2, 5, 19
Let a(t) be the first derivative of 2*t**3/3 - 7*t**2 + 2*t - 4. Let s be a(8). List the prime factors of (-108)/(-5) - s/(-45).
2, 11
Let w(i) = 75*i - 83. What are the prime factors of w(16)?
1117
Let q(w) = w**3 - 11*w**2 - 5*w + 2. Let p(j) = -2*j**3 + 21*j**2 + 9*j - 3. Let i(g) = 4*p(g) + 7*q(g). List the prime factors of i(6).
2, 11
Suppose 6*d - 7*d + 6 = 0. Suppose -a - k + d*k + 9 = 0, 2*a - 24 = 4*k. What are the prime factors of a?
2, 7
Let a(b) = -b**2 + 8 + 7*b - 3 - 6 - 2*b. Let t be a(2). Suppose 7*g - 150 = t*g. List the prime factors of g.
3, 5
Let v(a) be the second derivative of 5/6*a**3 + 0 + a**2 - 2*a - 1/12*a**4. What are the prime factors of v(4)?
2, 3
Let q(y) = y + 2. Let s be q(1). Let r(l) = -s*l**3 + 3*l - 10 + 2*l**3 - 18*l - 14*l**2. What are the prime factors of r(-13)?
2
Let p(l) = -l**2 + 4*l + 1. Let r be p(3). Let x be (r/12)/((-1)/(-21)). Let i = x + 0. What are the prime factors of i?
7
Let k(w) = -4*w**2 + 50*w + 16. What are the prime factors of k(9)?
2, 71
Let d(z) = z - 12. Let m = 3 - 10. Let h be d(m). Let b = h - -21. What are the prime factors of b?
2
Let v be (2 - -24)/((-2)/4). Let h = v + 129. List the prime factors of h.
7, 11
Suppose 2*n - 10 = -2*p + 6*n, 0 = -p - 5*n + 40. Suppose 155 = -p*x + 16*x. What are the prime factors of x?
5, 31
Let j be (-10)/(-6) - 4/6. Let z(m) = 19*m + 227. Let d be z(-12). What are the prime factors of (d + j)/(-2) + 12?
2, 3
Let i(o) = -o**2 + 12*o + 1. Let j(x) = x. Let v(y) = i(y) - 5*j(y). Let d = 6 + 0. List the prime factors of v(d).
7
Suppose 2*t = -3*j - 6 + 18, -2*t = -3*j. List the prime factors of (1 + (-15)/j)*130/(-5).
13
Let m(v) = -4 + 13*v + 4*v - 2 - 7. List the prime factors of m(8).
3, 41
Suppose 2*t + 1 = -5*i - 18, 4*i = 4*t + 108. Let d = -27 - -65. Let q = t + d. List the prime factors of q.
2
Let w = -191 + 1216. What are the prime factors of w?
5, 41
Let j(b) = b**3 + 5*b**2 - 7*b + 4. Let n be j(-6). Let t = -6 + n. Suppose 5*w + 10 = 0, 70 = 5*f - t*w - 73. What are the prime factors of f?
3
Suppose -5*i + 3*o = -1105, -8*o - 1100 = -5*i - 4*o. Suppose 27 + i = r. List the prime factors of r.
251
Suppose -18 + 154 = -2*f. Let s = f - -105. List the prime factors of s.
37
Let x(o) = -o**3 + 11*o**2 + 26*o + 13. Let f be x(13). Suppose 3*m = f*m - 140. What are the prime factors of m?
2, 7
Suppose 2*o - 7*o = 0, 4*w - 228 = 2*o. List the prime factors of w.
3, 19
Let s(d) = -153*d + 10. What are the prime factors of s(-4)?
2, 311
Let b(h) be the third derivative of -h**6/120 + h**5/10 + 3*h**4/8 + 7*h**3/6 - 2*h**2. List the prime factors of b(7).
3, 7
Let s be (-1 + -1)*(-756)/(-14). What are the prime factors of (3 - s/2) + 2*-1?
5, 11
Suppose -3 = -3*i + 9. Suppose -3*a = -i*a. Suppose -252 = -a*c - 7*c. List the prime factors of c.
2, 3
Let w be 33/77 + (-3)/7. Suppose w = u + i - 12, -2*u - 4*i = -0 - 28. Suppose 2 = 4*d - u. List the prime factors of d.
3
Let v(a) = 2*a**2 - 3*a + 6. Suppose 19 = 4*i - 1. Let t be v(i). Suppose -o + t = 3*b, -2*b + 4*o = b - 46. What are the prime factors of b?
2, 7
Suppose 0 = -3*h + 2*h - d + 19, 5*h - 5*d - 55 = 0. Let r(y) = y**3 - 5*y + 41*y**2 - h*y**2 - 4 - 21*y**2. List the prime factors of r(-5).
3, 7
Suppose -16 = 11*l - 7*l, -992 = -5*p - 2*l. What are the prime factors of p?
2, 5
Suppose -9*q = q - 6880. What are the prime factors of q?
2, 43
Suppose -6 + 30 = 6*p. Suppose 0*v - 5*v + 38 = c, -4*c - v = -228. Suppose -5*w + c = 2*j, 2*j + p*w - 58 = 5*w. What are the prime factors of j?
29
Suppose 4*w - 18 = -5*h, -3*w = 3*h + 2 - 14. Suppose -4*z = -2*u - 352, 4*z - h*z + 5*u - 164 = 0. List the prime factors of z.
3, 29
Let b(q) = 7*q + 4. Let x be b(-2). Let s = x + 12. Suppose s*m - 60 = 4*o, 74 - 14 = 2*m - 2*o. List the prime factors of m.
2, 3, 5
What are the prime factors of (-1 - -1406) + (-1 + 3)/2?
2, 19, 37
Let c(m) = -9*m**2 - 3 - m**3 + 4 - 3*m - 2 - 6. Let l be c(-9). Suppose l = 4*k + 2*v, 7*k - 18 = 3*k - v. List the prime factors of k.
2
Let v be 8/(-2) - (-13 + 10). What are the prime factors of (120 - v) + 4/(-1)?
3, 13
Suppose -19*r + 68873 = -19382. What are the prime factors of r?
5, 929
List the prime factors of 189/(-81)*(0 + (-1 - 470)).
7, 157
Let w = 129 - 77. Suppose w = 81*m - 77*m. What are the prime factors of m?
13
Suppose 2*c + h - 2 = -0*c, -h = c. Suppose -365 = -c*l - 51. What are the prime factors of l?
157
Suppose 17*l - 14*l - 63 = 0. Let x = 118 - l. What are the prime factors of x?
97
Let h = -1391 - -2087. Suppose -h = 5*k - k. What are the prime factors of k/(-3) + 14/7?
2, 3, 5
Let y = 1355 - 940. What are the prime factors of y?
5, 83
Let h be 2 - (12 + 2/(-1)). What are the prime factors of 28/21*(-114)/h?
19
Let l(j) = 9*j**2 + 13*j + 20. What are the prime factors of l(-22)?
2, 5, 409
Suppose -135 = 3*l - 594. What are the prime factors of l?
3, 17
Let y(o) = o**3 - 21*o**2 - 49*o + 25. What are the prime factors of y(24)?
577
Let h = 306 - 159. List the prime factors of h.
3, 7
Let n = 454 - -1058. What are the prime factors of 10/(-65) + n/26?
2, 29
Let m(d) = -18*d + 6. Let u be m(-11). Let q = u - 144. List the prime factors of q.
2, 3, 5
Suppose 2*w + 3*h - 285 = -68, 4*h - 216 = -2*w. List the prime factors of w.
2, 5, 11
Let v(g) = -g**3 + 6*g**2 - 5*g + 4. Let w = -9 - -15. Let u be v(w). Let f = -18 - u. What are the prime factors of f?
2
Let u = -19 - -10. What are the prime factors of 21*(96/u)/(-4)?
2, 7
Let t be 2/(4/462)*(1 + 0). Suppose -t = -8*n + 465. What are the prime factors of n?
3, 29
Let g(t) = t**3 + 5*t**2 + 2*t - 3. Let c be g(-4). Suppose c*q = z - 99, 5*z + 5*q - 321 = z. What are the prime factors of z?
2, 3, 7
Suppose -4*v - 8 = -5*t, 0 = 3*v - 0*v + 6. Suppose 4*b - 30 = -5*j + 40, -b - 4*j + 12 = t. What are the prime factors of 0 + (-9)/(-6)*b?
2, 3, 5
Let h be (-177)/(-7) + 4/(-14). Let c = 29 - h. List the prime factors of (-2)/(-2) + (31 - c).
2, 7
Suppose h = -2*o + 159, -4*h + 328 = 2*o + 2*o. Suppose t - 26 - o = 0. List the prime factors of t.
103
Let z(t) = -3*t - 25. Let w be z(-12). Suppose 0 = -3*k - k - p + w, 17 = k + 5*p. What are the prime factors of k?
2
Let x(q) = 6*q**2 + 12*q + 7. What are the prime factors of x(7)?
5, 7, 11
Let v = 16 - 14. Suppose -9 = -g - v*g. List the prime factors of (g/(-6) + -2)*-2.
5
Let i be (-2)/((-6)/(-9)*-3). Suppose j - 3*r = -i, 0*j - 4*r + 6 = j. List the prime factors of (-4)/(24/(-45))*j.
3, 5
Let o(d) = 6*d**3 - 8*d**2 - d + 9. What are the prime factors of o(6)?
3, 337
Let z(u) be the first derivative of -u**4/2 - u**3/3 - 3*u**2/2 - 5*u + 19. List the prime factors of z(-4).
7, 17
Let o(u) be the first derivative of -13*u**2 - 24*u - 19. List the prime factors of o(-3).
2, 3
Let h = -36 - -28. List the prime factors of h/24*-21*21*1.
3, 7
What are the prime factors of (78/(-27))/(-13) + (-9106)/(-9)?
2, 11, 23
Let z be ((-2)/6)/(3/(-18)). Suppose -3*x = -3*o - 12, -5*x - 1 + 15 = -z*o. Suppose 0*s - 124 = -4*s - x*r, -3*r - 62 = -2*s. What are the prime factors of s?
31
Let l(o) = 162*o - 551. List the prime factors of l(28).
5, 797
Suppose 2*a + 2*r = 1026 + 680, 0 = -5*a + 4*r + 4310. List the prime factors of a.
2, 3, 11, 13
Let q(a) = a**2 - 19*a + 4. Suppose 5*z + 5*b - 100 = 0, -2*b - 74 = -0*z - 4*z. Let u be q(z). List the prime factors of -1 + 0 - (-240)/u.
59
Let l(w) = 27*w**2 - 7*w + 11. List the prime factors of l(-4).
3, 157
Let u(k) = -3*k**2 + 57. What are the prime factors of u(0)?
3, 19
Let f(h) be the third derivative of -h**4/12 - 4*h**3/3 - h**2. Let m = 226 - 233. List the prime factors of f(m).
2, 3
Suppose 17*z - 1146 = 10142. What are the prime factors of z?
2, 83
Suppose 0*y = -5*y + 70. Let i = y + -6. List the prime factors of i.
2
Suppose 0 = p - 3346 - 330. What are the prime factors of p?
2, 919
Suppose 0 = -0*t - 2*t + 2. Let z be ((-532)/42)/(t/(-6)). List the prime factors of z/10 + (-6)/10.
7
Let a = -1120 - -1756. List the prime factors of a.
2, 3, 53
Let x = 128 - 73. Suppose -12*s - x = -17*s. What are the prime factors of s?
11
Let h = -96 + 99. Suppose -z + h